{"id":2,"date":"2016-05-10T03:48:21","date_gmt":"2016-05-10T03:48:21","guid":{"rendered":"http:\/\/www.lindyhop-greifswald.de\/?page_id=2"},"modified":"2026-04-08T21:01:56","modified_gmt":"2026-04-08T21:01:56","slug":"sample-page","status":"publish","type":"page","link":"https:\/\/www.lindyhop-greifswald.de\/","title":{"rendered":"\u00dcber uns"},"content":{"rendered":"\n<p><\/p>\n\n\n<p>Hallo an alle, die gerne Lindy Hop lernen und tanzen m\u00f6chten: In Greifswald findet <strong>jeden Mittwoch von 19:45 bis 21:30 Uhr<\/strong> im <a href=\"https:\/\/www2.ballhaus-goldfisch.de\/\" target=\"_blank\" rel=\"noopener noreferrer\">Ballhaus Goldfisch e.V.<\/a> (obere Etage, 2. Raum) ein freies Tanzen statt, zum Lernen, \u00dcben oder einfach nur zum Tanzen. Alle, die gerne tanzen und Spa\u00df haben m\u00f6chten, egal ob mit oder ohne Vorerfahrung, sind herzlich willkommen, kommt einfach vorbei. Denkt bitte an saubere Wechselschuhe (oder tanzt in Socken).<\/p>\n<p>Im M\u00e4rz-Juli 2026 veranstalten wir regelm\u00e4\u00dfig &#8222;<strong>Drop-in-Kurse<\/strong>&#8220; zu verschiedenen Themen, immer <strong>mittwochs 18:30-19:30<\/strong>, der erste Mittwoch im Monat wird dabei f\u00fcr alle sein, die ganz neu im Lindyhop sind (Crashkurs f\u00fcr den Grundschritt). Hier unter &#8222;Aktuelles&#8220; und auf Instagram findet ihr alle aktuellen News dazu! Kommt einfach spontan vorbei, es ist ohne Anmeldung und kostenlos!<span style=\"color: #ff0000;\">\u00a0<\/span><\/p>\n<p>Einen neuen festen Kurs (f\u00fcr T\u00e4nzer*innen mit Vorerfahrung) gibt es von April bis Juli beim Universit\u00e4tssport Greifswald, mehr Infos unter &#8222;Aktuelles&#8220;.<\/p>\n<hr \/>\n<p>\u00dcber den <a href=\"https:\/\/www.lindyhop-greifswald.de\/?page_id=150\">Newsletter<\/a> k\u00f6nnt Ihr Euch \u00fcber die Tanz- und Workshop-Veranstaltungen von uns informieren lassen. Die Seite \u201e<a href=\"https:\/\/www.lindyhop-greifswald.de\/?page_id=99\">Links zu Lindy Hop<\/a>\u201c f\u00fchrt Euch zu weiteren Tanz-Informationen, die \u00fcber Greifswald hinausgehen.<\/p>\n<p>Wir freuen uns auf Euch!<\/p>\n<p><span style=\"color: #808080;\">\u00a0<\/span><\/p>\n<p><em>Hello!<\/em><\/p>\n<p><em>a Lindy Hop social dance<\/em><em> regularly takes place in Greifswald every Wednesday from <span id=\"result_box\" class=\"short_text\" lang=\"en\"><span class=\"\">7.45 to 9.30 pm<\/span><\/span> in the <\/em><em><a href=\"https:\/\/www2.ballhaus-goldfisch.de\/\" target=\"_blank\" rel=\"noopener noreferrer\">Ballhaus Goldfisch<\/a><\/em><em>. <\/em><em>Anyone who likes to dance and to have fun, whether with or without previous experience, is welcome, just come over. <\/em><em>Please bring clean shoes (or dance in socks). <\/em><\/p>\n<p>From March to July 2026, we\u2019ll be hosting regular \u201cdrop-in classes\u201d on various topics, every Wednesday from 6:30 to 7:30 p.m. You can find all the latest updates here under \u201cAktuelles\u201d and on Instagram! Just drop by\u2014it\u2019s free! The first Wednesday of the month will be for newcomers who are new to Lindyhop and want to learn the basic step.<\/p>\n<p>A new regular course (for improvers) will happen in April-July at Universit\u00e4tssport Greifswald; for more info see &#8222;Aktuelles&#8220;.<\/p>\n<hr \/>\n<p><em>You can find out about our dance and workshop events via the <a href=\"https:\/\/www.lindyhop-greifswald.de\/?page_id=150\">newsletter<\/a>. The page &#8222;<a href=\"https:\/\/www.lindyhop-greifswald.de\/?page_id=99\">Links zu Lindy Hop<\/a>&#8220; leads you to further dance information that goes beyond Greifswald.<\/em><\/p>\n<p><em>We look forward to seeing you!<\/em><\/p>\n<p>\u00a0<\/p>\n<p><strong>E-Mail:<\/strong> \u00a0 info@lindyhop-greifswald.de <br \/>(<span style=\"color: #ff6600;\">Achtung: Aus technischen noch ungekl\u00e4rten Gr\u00fcnden kann ich auf keine Nachrichten \u00fcber Google-Mail (gmail) antworten<\/span>.)<\/p>\n<p><strong>Treffen:<\/strong> \u00a0 Mittwochs von 19:45 bis 21:30 Uhr, im 2. \u00dcbungsraum<\/p>\n<p><strong>Adresse:\u00a0 <\/strong><a href=\"https:\/\/www2.ballhaus-goldfisch.de\/\" target=\"_blank\" rel=\"noopener noreferrer\">Ballhaus Goldfisch e.V.<\/a>,\u00a0 <a href=\"http:\/\/www.facebook.com\/sharer.php?u=https:\/\/www2.ballhaus-goldfisch.de\/&amp;t=Aktuell\" target=\"_blank\" rel=\"noopener noreferrer\"><img loading=\"lazy\" decoding=\"async\" class=\"alignnone wp-image-54\" src=\"https:\/\/www.lindyhop-greifswald.de\/wp-content\/uploads\/2016\/05\/Facebook_icon-150x150.jpg\" alt=\"\" width=\"13\" height=\"13\" srcset=\"https:\/\/www.lindyhop-greifswald.de\/wp-content\/uploads\/2016\/05\/Facebook_icon-150x150.jpg 150w, https:\/\/www.lindyhop-greifswald.de\/wp-content\/uploads\/2016\/05\/Facebook_icon-300x300.jpg 300w, https:\/\/www.lindyhop-greifswald.de\/wp-content\/uploads\/2016\/05\/Facebook_icon-100x100.jpg 100w, https:\/\/www.lindyhop-greifswald.de\/wp-content\/uploads\/2016\/05\/Facebook_icon.jpg 400w\" sizes=\"auto, (max-width: 13px) 100vw, 13px\" \/><\/a>, Bahnhofstra\u00dfe 44,<br \/>17489 Greifswald<\/p>\n<p><iframe loading=\"lazy\" style=\"border: 0;\" src=\"https:\/\/www.google.com\/maps\/embed?pb=!1m14!1m8!1m3!1d1967.6614146588092!2d13.375645101999234!3d54.09223856296081!3m2!1i1024!2i768!4f13.1!3m3!1m2!1s0x0%3A0x6badbef5a5149e35!2sBallhaus+Goldfisch+e.V.!5e0!3m2!1sde!2sde!4v1506497576935\" width=\"600\" height=\"450\" frameborder=\"0\" allowfullscreen=\"allowfullscreen\"><\/iframe><\/p>","protected":false},"excerpt":{"rendered":"<p>Hallo an alle, die gerne Lindy Hop lernen und tanzen m\u00f6chten: In Greifswald findet jeden Mittwoch von 19:45 bis 21:30 Uhr im Ballhaus Goldfisch e.V. (obere Etage, 2. Raum) ein freies Tanzen statt, zum Lernen, \u00dcben oder einfach nur zum Tanzen. Alle, die gerne tanzen und Spa\u00df haben m\u00f6chten, egal ob mit oder ohne Vorerfahrung, &hellip; <\/p>\n<p class=\"link-more\"><a href=\"https:\/\/www.lindyhop-greifswald.de\/\" class=\"more-link\"><span class=\"screen-reader-text\">\u201e\u00dcber uns\u201c<\/span> weiterlesen<\/a><\/p>\n","protected":false},"author":3,"featured_media":0,"parent":0,"menu_order":1,"comment_status":"closed","ping_status":"open","template":"","meta":{"footnotes":""},"class_list":["post-2","page","type-page","status-publish","hentry"],"_links":{"self":[{"href":"https:\/\/www.lindyhop-greifswald.de\/index.php?rest_route=\/wp\/v2\/pages\/2","targetHints":{"allow":["GET"]}}],"collection":[{"href":"https:\/\/www.lindyhop-greifswald.de\/index.php?rest_route=\/wp\/v2\/pages"}],"about":[{"href":"https:\/\/www.lindyhop-greifswald.de\/index.php?rest_route=\/wp\/v2\/types\/page"}],"author":[{"embeddable":true,"href":"https:\/\/www.lindyhop-greifswald.de\/index.php?rest_route=\/wp\/v2\/users\/3"}],"replies":[{"embeddable":true,"href":"https:\/\/www.lindyhop-greifswald.de\/index.php?rest_route=%2Fwp%2Fv2%2Fcomments&post=2"}],"version-history":[{"count":91,"href":"https:\/\/www.lindyhop-greifswald.de\/index.php?rest_route=\/wp\/v2\/pages\/2\/revisions"}],"predecessor-version":[{"id":752,"href":"https:\/\/www.lindyhop-greifswald.de\/index.php?rest_route=\/wp\/v2\/pages\/2\/revisions\/752"}],"wp:attachment":[{"href":"https:\/\/www.lindyhop-greifswald.de\/index.php?rest_route=%2Fwp%2Fv2%2Fmedia&parent=2"}],"curies":[{"name":"wp","href":"https:\/\/api.w.org\/{rel}","templated":true}]}}